{"id":322,"date":"2011-09-20T08:41:22","date_gmt":"2011-09-20T08:41:22","guid":{"rendered":"http:\/\/www.weiland-mannheim.de\/erdenwerk\/?page_id=322"},"modified":"2018-11-28T13:02:44","modified_gmt":"2018-11-28T13:02:44","slug":"mauersteine-mauerbloecke-und-sichtschutzelemente","status":"publish","type":"page","link":"https:\/\/www.weiland-mannheim.de\/erdenwerk\/produkte\/mauersteine-mauerbloecke-und-sichtschutzelemente\/","title":{"rendered":"Mauersteine, Mauerbl\u00f6cke und Sichtschutzelemente"},"content":{"rendered":"<hr \/>\n<p>[expand title=&#8220;Schieferquarzit Sichtschutzw\u00e4nde&#8220;]<\/p>\n<figure id=\"attachment_723\" aria-describedby=\"caption-attachment-723\" style=\"width: 250px\" class=\"wp-caption alignright\"><img loading=\"lazy\" decoding=\"async\" src=\"..\/..\/files\/2011\/09\/22706-Schieferquarzit-Sichtschutzwand-250x188.jpg\" alt=\"Schieferquarzit Sichtschutzwand\" width=\"250\" height=\"188\" class=\"size-medium wp-image-723\" \/><figcaption id=\"caption-attachment-723\" class=\"wp-caption-text\">Schieferquarzit Sichtschutzwand<\/figcaption><\/figure>\n<p>Quarzschiefer anthrazit, stirnseitig gebrochen\/ges\u00e4gt<\/p>\n<p><strong>Anwendung:<\/strong><br \/>\nSchieferplatten mit vielf\u00e4ltigen Anwendungsm\u00f6glichkeiten, als Sichtschutzelement, auch zur Grundst\u00fcckseinfriedung in Kombination mit anderen Sichtschutzelementen.<\/p>\n<p>Abmessungen: 180 &#8211; 220 \/ 45 &#8211; 55 \/ 4 &#8211; 6 cm,<br \/>\nauch in 300 \/ 100 \/ 6 &#8211; 8 cm erh\u00e4ltlich.<\/p>\n<p><strong>Abrechnungseinheit:<\/strong><br \/>\nStk.<\/p>\n<p>[\/expand]<\/p>\n<hr \/>\n<p>[expand title=&#8220;Agra beige, Sichtschutzw\u00e4nde&#8220;]<\/p>\n<figure id=\"attachment_775\" aria-describedby=\"caption-attachment-775\" style=\"width: 250px\" class=\"wp-caption alignright\"><img loading=\"lazy\" decoding=\"async\" src=\"http:\/\/www.weiland-mannheim.de\/erdenwerk\/files\/2015\/03\/43624-Agra-beige-Sichtschutzwaende-250x434.jpg\" alt=\"Agra beige Sichtschutzw\u00e4nde\" width=\"250\" height=\"434\" class=\"size-medium wp-image-775\" \/><figcaption id=\"caption-attachment-775\" class=\"wp-caption-text\">Agra beige Sichtschutzw\u00e4nde<\/figcaption><\/figure>\n<p><strong>Anwendung:<\/strong><br \/>\nSandsteinplatten mit vielf\u00e4ltigen Anwendungsm\u00f6glichkeiten, als Sichtschutzelement, auch zur Grundst\u00fcckseinfriedung in Kombination mit anderen Sichtschutzelementen.<\/p>\n<p>Abmessungen: 300 \/ 80 \/ 6 &#8211; 8 cm<\/p>\n<p><strong>Abrechnungseinheit:<\/strong><br \/>\nStk.<\/p>\n<p>[\/expand]<\/p>\n<hr \/>\n<p>[expand title=&#8220;Gabionenzaun Grundelement&#8220;]<\/p>\n<figure id=\"attachment_316\" aria-describedby=\"caption-attachment-316\" style=\"width: 250px\" class=\"wp-caption alignright\"><img loading=\"lazy\" decoding=\"async\" src=\"..\/..\/files\/2011\/08\/C_Gabionenzaun-Sichtschutzzaun.jpg\" alt=\"\" title=\"Gabionenzaun, Sichtschutzzaun\" width=\"250\" height=\"344\" class=\"size-full wp-image-316\" \/><figcaption id=\"caption-attachment-316\" class=\"wp-caption-text\">Gabionenzaun, Sichtschutzzaun (r.)<\/figcaption><\/figure>\n<p>Gabionenzaun Grundelement, verzinkt<\/p>\n<p><strong>Anwendung:<\/strong><br \/>\nHochwertiges Gabionenzaunelement f\u00fcr die Gartengestaltung. Vielf\u00e4ltige Anwendungsm\u00f6glichkeiten.<br \/>\nKann auch als Einzelelement eingesetzt werden.<\/p>\n<p>Zur Bef\u00fcllung mit unserem Gabionenschotter.<\/p>\n<p>Elementl\u00e4nge: 2510 mm, Elementh\u00f6he: 1830 mm, bestehend aus:<br \/>\n2 Wands\u00e4ulen, 2 Rankgittermatten, Universalklemmen und Wandabstandhalter<\/p>\n<p><strong>Lieferform:<\/strong><br \/>\nAbrechnungseinheit: Stk.<br \/>\nDas Material ist keine Lagerware. Die Lieferung erfolgt auf Bestellung nach Kundenvorgaben und zu Auftragsbezogenen Material- und Frachtpreisen.<br \/>\n[\/expand]<\/p>\n<hr class=\"space\" \/>\n<p>[expand title=&#8220;Gabionenzaun Erweiterungselement&#8220;]<\/p>\n<p>Gabionenzaun Erweiterungselement, verzinkt<\/p>\n<p><strong>Anwendung:<\/strong><br \/>\nHochwertiges Gabionenzaunelement f\u00fcr die Gartengestaltung. Vielf\u00e4ltige Anwendungsm\u00f6glichkeiten, auch zur Grundst\u00fcckseinfriedung.<br \/>\nNur als Erweiterungselement zusammen mit dem Grundelement einsetzbar.<\/p>\n<p>Zur Bef\u00fcllung mit unserem Gabionenschotter.<\/p>\n<p>Elementl\u00e4nge: 2510 mm, Elementh\u00f6he: 1830 mm, bestehend aus:<br \/>\n1 Wands\u00e4ule, 2 Rankgittermatten, Universalklemmen und Wandabstandhalter<\/p>\n<p><strong>Lieferform:<\/strong><br \/>\nAbrechnungseinheit: Stk.<br \/>\nDas Material ist keine Lagerware. Die Lieferung erfolgt auf Bestellung nach Kundenvorgaben und zu Auftragsbezogenen Material- und Frachtpreisen.<br \/>\n[\/expand]<\/p>\n<hr \/>\n<p>[expand title=&#8220;Stahl, COR-TEN-Stelen&#8220;]<\/p>\n<figure id=\"attachment_317\" aria-describedby=\"caption-attachment-317\" style=\"width: 250px\" class=\"wp-caption alignright\"><img loading=\"lazy\" decoding=\"async\" src=\"..\/..\/files\/2011\/08\/D_Schiefer-Stelen_COR-TEN.jpg\" alt=\"\" title=\"Schiefer-Stelen Multicolor, Stahl COR-TEN Stelen\" width=\"250\" height=\"344\" class=\"size-full wp-image-317\" \/><figcaption id=\"caption-attachment-317\" class=\"wp-caption-text\">Schiefer-Stelen Multicolor, Stahl COR-TEN Stelen<\/figcaption><\/figure>\n<p>COR-TEN-Stahlstelen, unbehandelt<br \/>\n<strong><br \/>\nAnwendung:<\/strong><br \/>\nF\u00fcr eine Gartengestaltung mit \u201ePatina\u201c. Vielf\u00e4ltige Anwendungsm\u00f6glichkeiten in der urbanen Landschaftsarchitektur.<\/p>\n<p>Abmessungen: 2000 \u00d7 500 \u00d710 mm<\/p>\n<p><strong>Lieferform:<\/strong><br \/>\nAbrechnungseinheit: Stk.<br \/>\nDas Material ist keine Lagerware. Die Lieferung erfolgt auf Bestellung nach Kundenvorgaben und zu Auftragsbezogenen Material- und Frachtpreisen.<br \/>\n[\/expand]<\/p>\n<hr class=\"space\" \/>\n<p>[expand title=&#8220;Stahl, rostfrei&#8220;]<\/p>\n<figure id=\"attachment_318\" aria-describedby=\"caption-attachment-318\" style=\"width: 250px\" class=\"wp-caption alignright\"><img loading=\"lazy\" decoding=\"async\" src=\"..\/..\/files\/2011\/08\/E_Schiefer-Stelen_Stahl-gebuerstet.jpg\" alt=\"\" title=\"Schiefer-Stelen Negra, Stahl rostfrei geb\u00fcrstet\" width=\"250\" height=\"344\" class=\"size-full wp-image-318\" \/><figcaption id=\"caption-attachment-318\" class=\"wp-caption-text\">Schiefer-Stelen Negra, Stahl rostfrei geb\u00fcrstet<\/figcaption><\/figure>\n<p>Stahlstelen, rostfrei, geb\u00fcrstet<\/p>\n<p><strong>Anwendung:<\/strong><br \/>\nF\u00fcr eine makellose Gartengestaltung mit k\u00fchlem Charakter. Vielf\u00e4ltige Anwendungsm\u00f6glichkeiten in der urbanen Landschaftsarchitektur.<\/p>\n<p>Abmessungen: 2000 \u00d7 500 \u00d710 mm<\/p>\n<p><strong>Lieferform:<\/strong><br \/>\nAbrechnungseinheit: Stk.<br \/>\nDas Material ist keine Lagerware. Die Lieferung erfolgt auf Bestellung nach Kundenvorgaben und zu Auftragsbezogenen Material- und Frachtpreisen.<br \/>\n[\/expand]<\/p>\n<hr \/>\n<p>[expand title=&#8220;Dekorplatten, marmoriert&#8220;]<\/p>\n<figure id=\"attachment_319\" aria-describedby=\"caption-attachment-319\" style=\"width: 250px\" class=\"wp-caption alignright\"><img loading=\"lazy\" decoding=\"async\" src=\"..\/..\/files\/2011\/08\/F_Dekorplatte-marmoriert.jpg\" alt=\"\" title=\"Dekorplatte marmoriert\" width=\"250\" height=\"344\" class=\"size-full wp-image-319\" \/><figcaption id=\"caption-attachment-319\" class=\"wp-caption-text\">Dekorplatte marmoriert<\/figcaption><\/figure>\n<p>Dekorplatten, beige-braun changierend<\/p>\n<p><strong>Anwendung:<\/strong><br \/>\nDekorplatten als Sichtschutz- oder Verkleidungselement an bauseitig vorhandenen Tr\u00e4gerkonstruktionen.<\/p>\n<p>Abmessungen: 2550 \u00d7 1860 x 8 mm<\/p>\n<p><strong>Lieferform:<\/strong><br \/>\nAbrechnungseinheit: Stk.<br \/>\nDas Material ist keine Lagerware. Die Lieferung erfolgt auf Bestellung nach Kundenvorgaben und zu Auftragsbezogenen Material- und Frachtpreisen.<br \/>\n[\/expand]<\/p>\n<hr class=\"space\" \/>\n<p>[expand title=&#8220;Dekorplatten, uni schwarz&#8220;]<\/p>\n<p>Dekorplatten, schwarz<\/p>\n<p><strong>Anwendung:<\/strong><br \/>\nDekorplatten als Sichtschutz- oder Verkleidungselement an bauseitig vorhandenen Tr\u00e4gerkonstruktionen.<\/p>\n<p>Abmessungen: 2550 \u00d7 1860 x 8 mm<\/p>\n<p><strong>Lieferform:<\/strong><br \/>\nAbrechnungseinheit: Stk.<br \/>\nDas Material ist keine Lagerware. Die Lieferung erfolgt auf Bestellung nach Kundenvorgaben und zu Auftragsbezogenen Material- und Frachtpreisen.<br \/>\n[\/expand]<\/p>\n<hr class=\"space\" \/>\n<p>[expand title=&#8220;GRIGIO Trockenmauersteine&#8220;]<\/p>\n<figure id=\"attachment_811\" aria-describedby=\"caption-attachment-811\" style=\"width: 250px\" class=\"wp-caption alignright\"><img loading=\"lazy\" decoding=\"async\" src=\"http:\/\/www.weiland-mannheim.de\/erdenwerk\/files\/2017\/02\/4B_Grigio.jpg\" alt=\"GRIGIO Trockenmauersteine\" width=\"250\" height=\"333\" class=\"size-medium wp-image-811\" \/><figcaption id=\"caption-attachment-811\" class=\"wp-caption-text\">GRIGIO Trockenmauersteine<\/figcaption><\/figure>\n<p>Granit grau, Tiefe 20 cm, Breite c. 40 cm, Ma\u00dftoleranz +\/- 3 cm.<br \/>\nH\u00f6hen: 10; 15; 20 cm<\/p>\n<p><strong>Abrechnungseinheit:<\/strong><br \/>\nto<\/p>\n<p>[\/expand]<\/p>\n<hr \/>\n<p>[expand title=&#8220;GRIGIO Quadersteine&#8220;]<\/p>\n<figure id=\"attachment_810\" aria-describedby=\"caption-attachment-810\" style=\"width: 250px\" class=\"wp-caption alignright\"><img loading=\"lazy\" decoding=\"async\" src=\"http:\/\/www.weiland-mannheim.de\/erdenwerk\/files\/2011\/08\/636-GRIGIO-Quadersteine-250x333.jpg\" alt=\"GRIGIO Quadersteine\" width=\"250\" height=\"333\" class=\"size-medium wp-image-810\" \/><figcaption id=\"caption-attachment-810\" class=\"wp-caption-text\">GRIGIO Quadersteine<\/figcaption><\/figure>\n<p>Granit grau, H\u00f6he 40 &#8211; 50 cm, allseits gespalten, bruchrauh, teilweise Bearbeitungsspuren sichtbar, L\u00e4ngen frei anfallend, Ma\u00dftoleranz +\/- 10 cm.<\/p>\n<p><strong>Abrechnungseinheit:<\/strong><br \/>\nto<\/p>\n<p>[\/expand]<\/p>\n<hr \/>\n<p>[expand title=&#8220;TOSKANA Mauersteine&#8220;]<\/p>\n<figure id=\"attachment_297\" aria-describedby=\"caption-attachment-297\" style=\"width: 250px\" class=\"wp-caption alignright\"><img loading=\"lazy\" decoding=\"async\" src=\"..\/..\/files\/2011\/08\/B_Mauersteine.jpg\" alt=\"\" title=\"TOSKANA Mauersteine\" width=\"250\" height=\"344\" class=\"size-full wp-image-297\" \/><figcaption id=\"caption-attachment-297\" class=\"wp-caption-text\">TOSKANA Mauersteine<\/figcaption><\/figure>\n<p>Palettiert, maschinengespalten.<br \/>\nH\u00f6hendifferenz +\/- 2 cm<\/p>\n<p>Nicht tausalzbest\u00e4ndig!<br \/>\n[\/expand]<\/p>\n<hr \/>\n<p>[expand title=&#8220;TOSKANA Systemblock Mauersteine&#8220;]<\/p>\n<figure id=\"attachment_298\" aria-describedby=\"caption-attachment-298\" style=\"width: 250px\" class=\"wp-caption alignright\"><img loading=\"lazy\" decoding=\"async\" src=\"..\/..\/files\/2011\/08\/C_Systemblock-Mauersteine.jpg\" alt=\"\" title=\"TOSKANA Systemblock-Mauersteine\" width=\"250\" height=\"344\" class=\"size-full wp-image-298\" \/><figcaption id=\"caption-attachment-298\" class=\"wp-caption-text\">TOSKANA Systemblock-Mauersteine<\/figcaption><\/figure>\n<p>Jura Kalk, Lagen ges\u00e4gt, alle anderen Seiten gespalten und getrommelt.<\/p>\n<p>Nicht tausalzbest\u00e4ndig!<br \/>\n[\/expand]<\/p>\n<hr \/>\n<p>[expand title=&#8220;TOSKANA Schichtfelsen, grob gespalten&#8220;]<\/p>\n<figure id=\"attachment_469\" aria-describedby=\"caption-attachment-469\" style=\"width: 250px\" class=\"wp-caption alignright\"><img loading=\"lazy\" decoding=\"async\" src=\"..\/..\/files\/2011\/08\/G_Toskana-Schichtfelsen.jpg\" alt=\"\" title=\"Toskana Schichtfelsen\" width=\"250\" height=\"344\" class=\"size-full wp-image-469\" \/><figcaption id=\"caption-attachment-469\" class=\"wp-caption-text\">Toskana Schichtfelsen<\/figcaption><\/figure>\n<p>Zur Erstellung von Naturstein- und St\u00fctzmauern.<\/p>\n<p>Nicht tausalzbest\u00e4ndig!<br \/>\n[\/expand]<\/p>\n<hr \/>\n<p>[expand title=&#8220;TOSKANA Schichtfelsen, maschinell gespalten&#8220;]<\/p>\n<figure id=\"attachment_469\" aria-describedby=\"caption-attachment-469\" style=\"width: 250px\" class=\"wp-caption alignright\"><img loading=\"lazy\" decoding=\"async\" src=\"..\/..\/files\/2017\/02\/4B_Toskanaschichtfelsen-1.jpg\" alt=\"\" title=\"Toskana Schichtfelsen, maschinell gespalten\" width=\"250\" height=\"344\" class=\"size-full wp-image-469\" \/><figcaption id=\"caption-attachment-469\" class=\"wp-caption-text\">Toskana Schichtfelsen, maschinell gespalten<\/figcaption><\/figure>\n<p>Zur Erstellung von Naturstein- und St\u00fctzmauern.<\/p>\n<p>Nicht tausalzbest\u00e4ndig!<br \/>\n[\/expand]<\/p>\n<hr \/>\n<p>[expand title=&#8220;Muschelkalk Mauersteine&#8220;]<\/p>\n<figure id=\"attachment_297\" aria-describedby=\"caption-attachment-297\" style=\"width: 250px\" class=\"wp-caption alignright\"><img loading=\"lazy\" decoding=\"async\" src=\"http:\/\/www.weiland-mannheim.de\/erdenwerk\/files\/2017\/05\/Muschelkalkmauer.jpg\" alt=\"\" title=\"Muschelkalk Mauersteine\" width=\"250\" height=\"250\" class=\"size-full wp-image-297\" \/><figcaption id=\"caption-attachment-297\" class=\"wp-caption-text\">Muschelkalk Mauersteine<\/figcaption><\/figure>\n<p>Breite 30-40 cm<br \/>\nMa\u00dftoleranz +\/- 3 cm,<br \/>\nH\u00f6hen: 10 cm \/ 20 cm<\/p>\n<p>Nicht tausalzbest\u00e4ndig!<br \/>\n[\/expand]<\/p>\n<hr \/>\n<p>[expand title=&#8220;Muschelkalk Systemblock Mauersteine&#8220;]<\/p>\n<figure id=\"attachment_298\" aria-describedby=\"caption-attachment-298\" style=\"width: 250px\" class=\"wp-caption alignright\"><img loading=\"lazy\" decoding=\"async\" src=\"http:\/\/www.weiland-mannheim.de\/erdenwerk\/files\/2017\/05\/Muschelkalksystem.jpg\" alt=\"\" title=\"Muschelkalk Systemblock-Mauersteine\" width=\"270\" height=\"270\" class=\"size-full wp-image-298\" \/><figcaption id=\"caption-attachment-298\" class=\"wp-caption-text\">Muschelkalk Systemblock-Mauersteine<\/figcaption><\/figure>\n<p>Lager\/Sto\u00dffugen ges\u00e4gt,<br \/>\nVorder- und R\u00fcckseite gespalten,<br \/>\nSeintiefe 20 cm, Steinl\u00e4ngen unterschiedlich,<br \/>\nH\u00f6hen: 7,5 cm \/ 15 cm \/ 22,5 cm<\/p>\n<p>Nicht tausalzbest\u00e4ndig!<br \/>\n[\/expand]<\/p>\n<hr \/>\n<p>[expand title=&#8220;Muschelkalk Quadersteine&#8220;]<\/p>\n<figure id=\"attachment_469\" aria-describedby=\"caption-attachment-469\" style=\"width: 250px\" class=\"wp-caption alignright\"><img loading=\"lazy\" decoding=\"async\" src=\"http:\/\/www.weiland-mannheim.de\/erdenwerk\/files\/2017\/05\/Muschelkalkschichtfelsen.jpg\" alt=\"\" title=\"Muschelkalk Quadersteine\" width=\"250\" height=\"250\" class=\"size-full wp-image-469\" \/><figcaption id=\"caption-attachment-469\" class=\"wp-caption-text\">Muschelkalk Quadersteine<\/figcaption><\/figure>\n<p>Zur Erstellung von Naturstein- und St\u00fctzmauern.<\/p>\n<p>unterschiedliche L\u00e4ngen,<br \/>\nH\u00f6hen ca. 40-50 cm<br \/>\nTiefe ca. 40-50 cm<\/p>\n<p>Nicht tausalzbest\u00e4ndig!<br \/>\n[\/expand]<\/p>\n<hr \/>\n<p>[expand title=&#8220;Hunsr\u00fcck Schiefer Mauersteine&#8220;]<\/p>\n<figure id=\"attachment_735\" aria-describedby=\"caption-attachment-735\" style=\"width: 250px\" class=\"wp-caption alignright\"><img loading=\"lazy\" decoding=\"async\" src=\"http:\/\/www.weiland-mannheim.de\/erdenwerk\/files\/2015\/03\/672-Hunsrueck-Schiefer-Mauersteine-250x333.jpg\" alt=\"Hunsr\u00fcck Schiefer Mauersteine\" width=\"250\" height=\"333\" class=\"size-medium wp-image-735\" \/><figcaption id=\"caption-attachment-735\" class=\"wp-caption-text\">Hunsr\u00fcck Schiefer Mauersteine<\/figcaption><\/figure>\n<p>Schiefer anthrazit, mit mindestens einer Bruchkante<\/p>\n<p><strong>Anwendung:<\/strong><br \/>\nSchiefer mit vielen ungleichf\u00f6rmigen Formaten zur Herstellung von Trockenmauern oder konventionell gebauten Mauern.<\/p>\n<p><strong>Abrechnungseinheit:<\/strong><br \/>\nto<\/p>\n<p>[\/expand]<\/p>\n<hr \/>\n<p>[expand title=&#8220;Nero Mauersteine&#8220;]<\/p>\n<figure id=\"attachment_719\" aria-describedby=\"caption-attachment-719\" style=\"width: 250px\" class=\"wp-caption alignright\"><img loading=\"lazy\" decoding=\"async\" src=\"..\/..\/files\/2011\/08\/824-Lausitzer-Diorit-Mauersteine-250x187.jpg\" alt=\"Lausitzer Diorit Mauersteine\" width=\"250\" height=\"187\" class=\"size-medium wp-image-719\" \/><figcaption id=\"caption-attachment-719\" class=\"wp-caption-text\">Lausitzer Diorit Mauersteine<\/figcaption><\/figure>\n<p>Diorit anthrazit, gespalten (regelm\u00e4\u00dfiges Schichtenmauerwerk)<\/p>\n<p><strong>Anwendung:<\/strong><br \/>\nZur Herstellung von Trockenmauern oder konventionell gebauten Mauern.<br \/>\nMaterial: Lausitzer Diorit<\/p>\n<p><strong>Abrechnungseinheit:<\/strong><\/p>\n<p>to<\/p>\n<p>[\/expand]<\/p>\n<hr \/>\n<p>[expand title=&#8220;Madras grau Mauersteine&#8220;]<\/p>\n<figure id=\"attachment_752\" aria-describedby=\"caption-attachment-752\" style=\"width: 250px\" class=\"wp-caption alignright\"><img loading=\"lazy\" decoding=\"async\" src=\"http:\/\/www.weiland-mannheim.de\/erdenwerk\/files\/2015\/03\/40308-Madras-grau-Mauersteine-250x364.jpg\" alt=\"Madras grau Mauersteine\" width=\"250\" height=\"364\" class=\"size-medium wp-image-752\" \/><figcaption id=\"caption-attachment-752\" class=\"wp-caption-text\">Madras grau Mauersteine<\/figcaption><\/figure>\n<p>15 \/ 20 \/ 30 &#8211; 50 cm<\/p>\n<p>Indischer Hartsandstein grau, Ansichtsfl\u00e4che spaltrauh<\/p>\n<p><strong>Anwendung:<\/strong><br \/>\nHartsandstein mit spaltrauher Ansichtsfl\u00e4che. Zur Herstellung von Trockenmauern oder konventionell gebauten Mauern.<\/p>\n<p><strong>Abrechnungseinheit:<\/strong><br \/>\nto<\/p>\n<p>[\/expand]<\/p>\n<hr class=\"space\" \/>\n<p>[expand title=&#8220;Andhra gelb Mauersteine&#8220;]<\/p>\n<figure id=\"attachment_764\" aria-describedby=\"caption-attachment-764\" style=\"width: 250px\" class=\"wp-caption alignright\"><img loading=\"lazy\" decoding=\"async\" src=\"http:\/\/www.weiland-mannheim.de\/erdenwerk\/files\/2015\/03\/41308-Andhra-gelb-Mauersteine-250x181.jpg\" alt=\"Andhra gelb Mauersteine\" width=\"250\" height=\"181\" class=\"size-medium wp-image-764\" \/><figcaption id=\"caption-attachment-764\" class=\"wp-caption-text\">Andhra gelb Mauersteine<\/figcaption><\/figure>\n<p>15 \/ 20 \/ 30 &#8211; 50 cm<\/p>\n<p>Indischer Hartsandstein gelb, Ansichtsfl\u00e4che spaltrauh<\/p>\n<p><strong>Anwendung:<\/strong><br \/>\nHartsandstein mit spaltrauher Ansichtsfl\u00e4che. Zur Herstellung von Trockenmauern oder konventionell gebauten Mauern.<\/p>\n<p><strong>Abrechnungseinheit:<\/strong><br \/>\nto<\/p>\n<p>[\/expand]<\/p>\n<hr \/>\n<p>[expand title=&#8220;Delhi rot Mauersteine&#8220;]<\/p>\n<figure id=\"attachment_771\" aria-describedby=\"caption-attachment-771\" style=\"width: 250px\" class=\"wp-caption alignright\"><img loading=\"lazy\" decoding=\"async\" src=\"http:\/\/www.weiland-mannheim.de\/erdenwerk\/files\/2015\/03\/44308-Delhi-rot-Mauersteine-250x272.jpg\" alt=\"Delhi rot Mauersteine\" width=\"250\" height=\"272\" class=\"size-medium wp-image-771\" \/><figcaption id=\"caption-attachment-771\" class=\"wp-caption-text\">Delhi rot Mauersteine<\/figcaption><\/figure>\n<p>15 \/ 20 \/ 30 &#8211; 50 cm<\/p>\n<p>Indischer Hartsandstein rot, Ansichtsfl\u00e4che spaltrauh<\/p>\n<p><strong>Anwendung:<\/strong><br \/>\nHartsandstein mit spaltrauher Ansichtsfl\u00e4che. Zur Herstellung von Trockenmauern oder konventionell gebauten Mauern.<\/p>\n<p><strong>Abrechnungseinheit:<\/strong><br \/>\nto<\/p>\n<p>[\/expand]<\/p>\n<hr \/>\n<p>[expand title=&#8220;Mauersandsteine, gebraucht&#8220;]<\/p>\n<figure id=\"attachment_290\" aria-describedby=\"caption-attachment-290\" style=\"width: 250px\" class=\"wp-caption alignright\"><img loading=\"lazy\" decoding=\"async\" src=\"..\/..\/files\/2011\/08\/5B_Mauersandsteine.jpg\" alt=\"\" title=\"Mauersandsteine\" width=\"250\" height=\"344\" class=\"size-full wp-image-290\" \/><figcaption id=\"caption-attachment-290\" class=\"wp-caption-text\">Mauersandsteine<\/figcaption><\/figure>\n<p>Mauersandsteine, gebraucht<\/p>\n<p><strong>Anwendung:<\/strong><br \/>\nZur Herstellung von Trockenmauern oder konventionell gebauten Mauern.<\/p>\n<p><strong>Abrechnungseinheit:<\/strong><br \/>\nto<br \/>\nFarben, Abmessungen und Gewichte frei anfallend, eine Bemusterung vor der Bestellung wird empfohlen.<\/p>\n<p>[\/expand]<\/p>\n<hr \/>\n","protected":false},"excerpt":{"rendered":"<p>[expand title=&#8220;Schieferquarzit Sichtschutzw\u00e4nde&#8220;] Quarzschiefer anthrazit, stirnseitig gebrochen\/ges\u00e4gt Anwendung: Schieferplatten mit vielf\u00e4ltigen Anwendungsm\u00f6glichkeiten, als Sichtschutzelement, auch zur Grundst\u00fcckseinfriedung in Kombination mit anderen Sichtschutzelementen. Abmessungen: 180 &#8211; 220 \/ 45 &#8211; 55 \/ 4 &#8211; 6 cm, auch in 300 \/ 100 \/ 6 &#8211; 8 cm erh\u00e4ltlich. Abrechnungseinheit: Stk. [\/expand] [expand title=&#8220;Agra beige, Sichtschutzw\u00e4nde&#8220;] Anwendung: Sandsteinplatten [&hellip;]<\/p>\n","protected":false},"author":1,"featured_media":0,"parent":8,"menu_order":14,"comment_status":"closed","ping_status":"closed","template":"","meta":{"footnotes":""},"class_list":["post-322","page","type-page","status-publish","hentry"],"_links":{"self":[{"href":"https:\/\/www.weiland-mannheim.de\/erdenwerk\/wp-json\/wp\/v2\/pages\/322","targetHints":{"allow":["GET"]}}],"collection":[{"href":"https:\/\/www.weiland-mannheim.de\/erdenwerk\/wp-json\/wp\/v2\/pages"}],"about":[{"href":"https:\/\/www.weiland-mannheim.de\/erdenwerk\/wp-json\/wp\/v2\/types\/page"}],"author":[{"embeddable":true,"href":"https:\/\/www.weiland-mannheim.de\/erdenwerk\/wp-json\/wp\/v2\/users\/1"}],"replies":[{"embeddable":true,"href":"https:\/\/www.weiland-mannheim.de\/erdenwerk\/wp-json\/wp\/v2\/comments?post=322"}],"version-history":[{"count":5,"href":"https:\/\/www.weiland-mannheim.de\/erdenwerk\/wp-json\/wp\/v2\/pages\/322\/revisions"}],"predecessor-version":[{"id":1654,"href":"https:\/\/www.weiland-mannheim.de\/erdenwerk\/wp-json\/wp\/v2\/pages\/322\/revisions\/1654"}],"up":[{"embeddable":true,"href":"https:\/\/www.weiland-mannheim.de\/erdenwerk\/wp-json\/wp\/v2\/pages\/8"}],"wp:attachment":[{"href":"https:\/\/www.weiland-mannheim.de\/erdenwerk\/wp-json\/wp\/v2\/media?parent=322"}],"curies":[{"name":"wp","href":"https:\/\/api.w.org\/{rel}","templated":true}]}}